{"id":31,"date":"2025-11-23T05:52:40","date_gmt":"2025-11-23T04:52:40","guid":{"rendered":"https:\/\/dorothee-vermaaten.de\/?page_id=31"},"modified":"2026-03-19T14:10:24","modified_gmt":"2026-03-19T13:10:24","slug":"die-ausstellungen","status":"publish","type":"page","link":"https:\/\/dorothee-vermaaten.de\/?page_id=31","title":{"rendered":"Die Ausstellungen"},"content":{"rendered":"\n<div class=\"wp-block-columns is-layout-flex wp-container-core-columns-is-layout-28f84493 wp-block-columns-is-layout-flex\">\n<div class=\"wp-block-column is-layout-flow wp-block-column-is-layout-flow\">\n<div class=\"wp-block-columns is-layout-flex wp-container-core-columns-is-layout-28f84493 wp-block-columns-is-layout-flex\">\n<div class=\"wp-block-column is-layout-flow wp-block-column-is-layout-flow\" style=\"flex-basis:20%\">\n<p class=\"aktuell titel has-x-large-font-size\">aktuell<\/p>\n\n\n\n<p class=\"aktuell bold\">fine arts Stolberg 2026<\/p>\n\n\n\n<p>30.\/31. Mai 2026<\/p>\n\n\n\n<p>Dorothee Vermaaten<\/p>\n\n\n\n<p>Station 9<\/p>\n\n\n\n<p>Breinig, Clemensstr. 4<\/p>\n<\/div>\n\n\n\n<div class=\"wp-block-column is-layout-flow wp-block-column-is-layout-flow\" style=\"flex-basis:80%\">\n<ul class=\"wp-block-list\">\n<li>ARTE Kunstmesse Osnabr\u00fcck 2026<\/li>\n\n\n\n<li>ARTe Kunstmesse Dortmund 2025<\/li>\n\n\n\n<li>ARTe Kunstmesse Burg Stettenfels 2025<\/li>\n\n\n\n<li>fine arts Stolberg. 2025<\/li>\n\n\n\n<li>ARTe Kunstmesse Osnabr\u00fcck, 2025<\/li>\n\n\n\n<li>ARTe Kunstmesse Dormund 2024<\/li>\n\n\n\n<li>ART Open 2024, Eschweiler<\/li>\n\n\n\n<li>ARTe Kunstmesse Burg Stettenfels 2024<\/li>\n\n\n\n<li>&#171;Mensch&#187;, Jahresausstellung K\u00fcnstlerforum Schloss Zweibr\u00fcggen<\/li>\n\n\n\n<li>fine arts Stolberg, 2024<\/li>\n\n\n\n<li>Malerei und Fotografie (G), Fa. Gypsilon Aachen<\/li>\n\n\n\n<li>Arte Kunstmesse Burg Stettenfels, 2023<\/li>\n\n\n\n<li>Galerie Kleiner Prinz, Baden-Baden, Zeitgen\u00f6ssische K\u00fcnstler<\/li>\n\n\n\n<li>Open arts 2023, Kulturinsel Phoenix-See, Dortmund<\/li>\n\n\n\n<li>fine arts Stolberg, Neue Kunstroute 2023<\/li>\n\n\n\n<li>Energie, Mitgliederausstellung 2023 K\u00fcnstlerforum Zweibr\u00fcggen<\/li>\n\n\n\n<li>2023, Burg Stettenfels, Mitgliederausstellung, Kunst International<\/li>\n\n\n\n<li>Museum Zinkh\u00fctter Hof, Stolberg, Mitgliederausstellung K\u00fcnstlerforum Schloss Zweibr\u00fcggen<\/li>\n\n\n\n<li>ARTe Kunstmesse f\u00fcr Zeitgen\u00f6ssische Kunst 2022, Burg Stettenfels<\/li>\n\n\n\n<li>Lissabon, Colorida Art Gallery, 2022<\/li>\n\n\n\n<li>Merry Christmas 2021, Leonberg, Kunstquartier<\/li>\n\n\n\n<li>&#171;Herbstsichten&#187;, Kunstverein Obere Nahe, Birkenfeld<\/li>\n\n\n\n<li>ARTe Kunstmessen, Internationaler Kunstsalon, Burg Stettenfels 2021<\/li>\n\n\n\n<li>2021 galerie m beck, Homburg\/Saar, &#171;Was Ihr wollt&#187; (G)<\/li>\n\n\n\n<li>Der Zauber der Abstraktion, Stadt Stolberg Burggalerie, 2021<\/li>\n\n\n\n<li>Internationaler Kunstsalon 2020, Burg Stettenfels\/Heilbronn<\/li>\n\n\n\n<li>Internationaler Kunstsalon 2019, Burg Stettenfels\/Heilbronn<\/li>\n\n\n\n<li>Merry Christmas, Galerie BonArThe Bad Rappenau<\/li>\n\n\n\n<li>Burg Stettenfels, Jahresausstellung 2018 KUN:ST International Stuttgart<\/li>\n\n\n\n<li>&#171;Merry Christmas&#187; 2017, Kun:st Stuttgart, Stuttgart und N\u00fcrtingen<\/li>\n\n\n\n<li>Galerie B\u00f6hner, Mannheim<\/li>\n\n\n\n<li>Rotterdam Internatinal Art Fair RIAF<\/li>\n\n\n\n<li>&#171;Merry Christmas&#187;, Kun:st Suttgart, Stuttgaart, N\u00fcrtingen<\/li>\n\n\n\n<li>St.ART Strasbourg 2016, FOIRE EUROPIENNE D`ART CONTEMPORAIN<\/li>\n\n\n\n<li>art SYLT &#8211; DIE KUNSTMESSE 2015<\/li>\n\n\n\n<li>Art Tour de Stolberg 2015<\/li>\n\n\n\n<li>Riga\/Lettland, Rietumu Art Gallery<\/li>\n\n\n\n<li>New York, Amsterdam Whitney Gallery<\/li>\n\n\n\n<li>Berlin, 12. Open Air Gallery<\/li>\n\n\n\n<li>ART Tour de Stolberg 2014<\/li>\n\n\n\n<li>&#171;Global Project&#187;, New York, Broadway Gallery, 473 Broadway, 10013 New York<\/li>\n\n\n\n<li>LADIES POWER Stuttgart, Galerie im Zentrum<\/li>\n\n\n\n<li>Houston, San Diego, Miami &#8211; Kunstmessen USA Herbst 2013<\/li>\n\n\n\n<li>L`Arte Europea Incontra Cavasso Nuovo\u00c2\u00b4,Palazzo Conti Polcenigo, Cavasso Italien<\/li>\n\n\n\n<li>European Art meets Croatia, Galerie Sabornica, Porec\/Kroatien<\/li>\n\n\n\n<li>11. Open air Gallery, Berlin<\/li>\n\n\n\n<li>ART Tour de Stolberg 2013<\/li>\n\n\n\n<li>Korneliusgalerie, Aachen, &#171;In 30 Bildern um die Welt&#187;<\/li>\n\n\n\n<li>Amuse gueule &#8211; der Kunstgenuss, Stiftung P.P.J. Hodiamont, Baelen\/Belgien<\/li>\n\n\n\n<li>art open Eschweiler<\/li>\n\n\n\n<li>KleinMontMartreXanten 2012<\/li>\n\n\n\n<li>Kunstmarkt Vaals NL<\/li>\n\n\n\n<li>10. Open air gallery, Berlin<\/li>\n\n\n\n<li>artpul, Messe f\u00fcr zeitgen\u00f6ssische Kunst, Pulheim<\/li>\n\n\n\n<li>Krakks Kunsttour Special, Kunsttour Maastricht 2012<\/li>\n\n\n\n<li>Galerie Pitz\/ART TOUR de Stolberg<\/li>\n\n\n\n<li>Omdurman\/Sudan, IKV\/Ahfad University\/Sudanese Women Museum<\/li>\n\n\n\n<li>Jahresabschluss-Event IKV, Carlswerk, K\u00f6ln<\/li>\n\n\n\n<li>Stra\u00dfen verbinden Kulturen (G), Paulskirche Dortmund<\/li>\n\n\n\n<li>9. Open Air Gallery Berlin<\/li>\n\n\n\n<li>Craun-Haete Kuoria Galerie, Seoul\/S\u00fcdkorea, 18th Korea Art International (G)<\/li>\n\n\n\n<li>Galerie fineart eifel, Pr\u00fcm, Sonderausstellung des EVBK<\/li>\n\n\n\n<li>National Museum Nairobi\/Kenia IKV\/HAWA Gruppe Kenia,<\/li>\n\n\n\n<li>Galerie am Ursulakloster K\u00f6ln, Jubil\u00e4umsausstellung IKV (G)<\/li>\n\n\n\n<li>Couven Museum Aachen, 100 K\u00fcnstler &#8211; 100 Kacheln<\/li>\n\n\n\n<li>Retrospektive 1985 &#8211; 2010 (G,K,) Korneliusgalerie\/Bergkirche Kornelim\u00fcnster<\/li>\n\n\n\n<li>Pr\u00fcm, EVBK, Jahresausstellung 2010, (G, K)<\/li>\n\n\n\n<li>Landgericht Bonn, &#171;Freiheit&#187;<\/li>\n\n\n\n<li>Ateliers Kasteel Holtmeulenstraat, Maastricht\/ NL, Kunsttour 2010,<\/li>\n\n\n\n<li>Grange aux D\u00c3\u00aemes, Wissembourg\/Frankreich,<\/li>\n\n\n\n<li>Women`s Museum &amp; Art Centre, Batokunku\/Gambia, (G)<\/li>\n\n\n\n<li>Timmerfabriek, Maastricht\/NL, Kunsttour 2009<\/li>\n\n\n\n<li>Bandfabrik, Wuppertal, &#171;zeit.reise&#187;<\/li>\n\n\n\n<li>Steinweg-Galerie, Stolberg , &#171;ueber.irdisch&#187;<\/li>\n\n\n\n<li>Museum Spaans Gouvernement, Maastricht\/NL, Kunsttour 2008<\/li>\n\n\n\n<li>Europ\u00e4ische Rechtsakademie, Trier,<\/li>\n\n\n\n<li>Galerie ART MAYENCE, Mainz<\/li>\n\n\n\n<li>Korneliusgalerie, Aachen, &#171;Analogien&#187;<\/li>\n\n\n\n<li>Museum Haus Martfeld, Stadt Schwelm, &#171;Fiat lux!&#187;<\/li>\n\n\n\n<li>Kunstmesse Fine A.R.T.S. 2006, Kulturspeicher der Stadt W\u00fcrzburg<\/li>\n\n\n\n<li>Museum der Stadt Saarburg, &#171;sARTre &#8211; Philosophie in Farbe&#187;<\/li>\n\n\n\n<li>Kunstmarkt Vaals NL<\/li>\n\n\n\n<li>Galerie marijo, Volkach<\/li>\n\n\n\n<li>Galerie beim Roten Turm, Sommerhausen\/W\u00fcrzburg<\/li>\n\n\n\n<li>Aachener Kunstroute 2005, Bergkirche Kornelim\u00fcnster (G)<\/li>\n\n\n\n<li>Spielcasino Aachen, Pferdeskulptur &#171;RoulAIX&#187; WorldHorseParade<\/li>\n\n\n\n<li>Galerie Kaschenbach, Trier<\/li>\n\n\n\n<li>Trier, Kulturwerkstatt (G)<\/li>\n\n\n\n<li>Jesuitenkirche Aachen, &#171;11. September&#187; (G)<\/li>\n\n\n\n<li>Korneliusgalerie, Aachen, &#171;Artikulation&#187;<\/li>\n\n\n\n<li>&#171;Kunst und Breinig&#187;, (G,K), Breinig<\/li>\n\n\n\n<li>Galerie an der Therme, Roetgen, Panta rhei&#187;<\/li>\n\n\n\n<li>Galerie Kohl, Aachen<\/li>\n\n\n\n<li>Galerie Noack, M\u00f6nchengladbach<\/li>\n\n\n\n<li>Korneliusgalerie, Aachen, &#171;Blick ins Licht&#187;<\/li>\n\n\n\n<li>&#171;Mensch&#187;, Jahresausstellung K\u00fcnstlerforum Schloss Zweibr\u00fcggen<\/li>\n<\/ul>\n<\/div>\n\n\n\n<div class=\"wp-block-column is-layout-flow wp-block-column-is-layout-flow\"><\/div>\n<\/div>\n<\/div>\n<\/div>\n\n\n\n<p><\/p>\n","protected":false},"excerpt":{"rendered":"<p>aktuell fine arts Stolberg 2026 30.\/31. Mai 2026 Dorothee Vermaaten Station 9 Breinig, Clemensstr. 4<\/p>\n","protected":false},"author":1,"featured_media":0,"parent":0,"menu_order":0,"comment_status":"closed","ping_status":"closed","template":"wp-custom-template-my-template","meta":{"footnotes":""},"class_list":["post-31","page","type-page","status-publish","hentry"],"_links":{"self":[{"href":"https:\/\/dorothee-vermaaten.de\/index.php?rest_route=\/wp\/v2\/pages\/31","targetHints":{"allow":["GET"]}}],"collection":[{"href":"https:\/\/dorothee-vermaaten.de\/index.php?rest_route=\/wp\/v2\/pages"}],"about":[{"href":"https:\/\/dorothee-vermaaten.de\/index.php?rest_route=\/wp\/v2\/types\/page"}],"author":[{"embeddable":true,"href":"https:\/\/dorothee-vermaaten.de\/index.php?rest_route=\/wp\/v2\/users\/1"}],"replies":[{"embeddable":true,"href":"https:\/\/dorothee-vermaaten.de\/index.php?rest_route=%2Fwp%2Fv2%2Fcomments&post=31"}],"version-history":[{"count":27,"href":"https:\/\/dorothee-vermaaten.de\/index.php?rest_route=\/wp\/v2\/pages\/31\/revisions"}],"predecessor-version":[{"id":429,"href":"https:\/\/dorothee-vermaaten.de\/index.php?rest_route=\/wp\/v2\/pages\/31\/revisions\/429"}],"wp:attachment":[{"href":"https:\/\/dorothee-vermaaten.de\/index.php?rest_route=%2Fwp%2Fv2%2Fmedia&parent=31"}],"curies":[{"name":"wp","href":"https:\/\/api.w.org\/{rel}","templated":true}]}}

<div class="wp-block-columns is-layout-flex wp-container-core-columns-is-layout-28f84493 wp-block-columns-is-layout-flex">
<div class="wp-block-column is-layout-flow wp-block-column-is-layout-flow">
<div class="wp-block-columns is-layout-flex wp-container-core-columns-is-layout-28f84493 wp-block-columns-is-layout-flex">
<div class="wp-block-column is-layout-flow wp-block-column-is-layout-flow" style="flex-basis:20%">
<p class="aktuell titel has-x-large-font-size">aktuell</p>



<p class="aktuell bold">fine arts Stolberg 2026</p>



<p>30./31. Mai 2026</p>



<p>Dorothee Vermaaten</p>



<p>Station 9</p>



<p>Breinig, Clemensstr. 4</p>
</div>



<div class="wp-block-column is-layout-flow wp-block-column-is-layout-flow" style="flex-basis:80%">
<ul class="wp-block-list">
<li>ARTE Kunstmesse Osnabrück 2026</li>



<li>ARTe Kunstmesse Dortmund 2025</li>



<li>ARTe Kunstmesse Burg Stettenfels 2025</li>



<li>fine arts Stolberg. 2025</li>



<li>ARTe Kunstmesse Osnabrück, 2025</li>



<li>ARTe Kunstmesse Dormund 2024</li>



<li>ART Open 2024, Eschweiler</li>



<li>ARTe Kunstmesse Burg Stettenfels 2024</li>



<li>&#171;Mensch&#187;, Jahresausstellung Künstlerforum Schloss Zweibrüggen</li>



<li>fine arts Stolberg, 2024</li>



<li>Malerei und Fotografie (G), Fa. Gypsilon Aachen</li>



<li>Arte Kunstmesse Burg Stettenfels, 2023</li>



<li>Galerie Kleiner Prinz, Baden-Baden, Zeitgenössische Künstler</li>



<li>Open arts 2023, Kulturinsel Phoenix-See, Dortmund</li>



<li>fine arts Stolberg, Neue Kunstroute 2023</li>



<li>Energie, Mitgliederausstellung 2023 Künstlerforum Zweibrüggen</li>



<li>2023, Burg Stettenfels, Mitgliederausstellung, Kunst International</li>



<li>Museum Zinkhütter Hof, Stolberg, Mitgliederausstellung Künstlerforum Schloss Zweibrüggen</li>



<li>ARTe Kunstmesse für Zeitgenössische Kunst 2022, Burg Stettenfels</li>



<li>Lissabon, Colorida Art Gallery, 2022</li>



<li>Merry Christmas 2021, Leonberg, Kunstquartier</li>



<li>&#171;Herbstsichten&#187;, Kunstverein Obere Nahe, Birkenfeld</li>



<li>ARTe Kunstmessen, Internationaler Kunstsalon, Burg Stettenfels 2021</li>



<li>2021 galerie m beck, Homburg/Saar, &#171;Was Ihr wollt&#187; (G)</li>



<li>Der Zauber der Abstraktion, Stadt Stolberg Burggalerie, 2021</li>



<li>Internationaler Kunstsalon 2020, Burg Stettenfels/Heilbronn</li>



<li>Internationaler Kunstsalon 2019, Burg Stettenfels/Heilbronn</li>



<li>Merry Christmas, Galerie BonArThe Bad Rappenau</li>



<li>Burg Stettenfels, Jahresausstellung 2018 KUN:ST International Stuttgart</li>



<li>&#171;Merry Christmas&#187; 2017, Kun:st Stuttgart, Stuttgart und Nürtingen</li>



<li>Galerie Böhner, Mannheim</li>



<li>Rotterdam Internatinal Art Fair RIAF</li>



<li>&#171;Merry Christmas&#187;, Kun:st Suttgart, Stuttgaart, Nürtingen</li>



<li>St.ART Strasbourg 2016, FOIRE EUROPIENNE D`ART CONTEMPORAIN</li>



<li>art SYLT &#8211; DIE KUNSTMESSE 2015</li>



<li>Art Tour de Stolberg 2015</li>



<li>Riga/Lettland, Rietumu Art Gallery</li>



<li>New York, Amsterdam Whitney Gallery</li>



<li>Berlin, 12. Open Air Gallery</li>



<li>ART Tour de Stolberg 2014</li>



<li>&#171;Global Project&#187;, New York, Broadway Gallery, 473 Broadway, 10013 New York</li>



<li>LADIES POWER Stuttgart, Galerie im Zentrum</li>



<li>Houston, San Diego, Miami &#8211; Kunstmessen USA Herbst 2013</li>



<li>L`Arte Europea Incontra Cavasso NuovoÂ´,Palazzo Conti Polcenigo, Cavasso Italien</li>



<li>European Art meets Croatia, Galerie Sabornica, Porec/Kroatien</li>



<li>11. Open air Gallery, Berlin</li>



<li>ART Tour de Stolberg 2013</li>



<li>Korneliusgalerie, Aachen, &#171;In 30 Bildern um die Welt&#187;</li>



<li>Amuse gueule &#8211; der Kunstgenuss, Stiftung P.P.J. Hodiamont, Baelen/Belgien</li>



<li>art open Eschweiler</li>



<li>KleinMontMartreXanten 2012</li>



<li>Kunstmarkt Vaals NL</li>



<li>10. Open air gallery, Berlin</li>



<li>artpul, Messe für zeitgenössische Kunst, Pulheim</li>



<li>Krakks Kunsttour Special, Kunsttour Maastricht 2012</li>



<li>Galerie Pitz/ART TOUR de Stolberg</li>



<li>Omdurman/Sudan, IKV/Ahfad University/Sudanese Women Museum</li>



<li>Jahresabschluss-Event IKV, Carlswerk, Köln</li>



<li>Straßen verbinden Kulturen (G), Paulskirche Dortmund</li>



<li>9. Open Air Gallery Berlin</li>



<li>Craun-Haete Kuoria Galerie, Seoul/Südkorea, 18th Korea Art International (G)</li>



<li>Galerie fineart eifel, Prüm, Sonderausstellung des EVBK</li>



<li>National Museum Nairobi/Kenia IKV/HAWA Gruppe Kenia,</li>



<li>Galerie am Ursulakloster Köln, Jubiläumsausstellung IKV (G)</li>



<li>Couven Museum Aachen, 100 Künstler &#8211; 100 Kacheln</li>



<li>Retrospektive 1985 &#8211; 2010 (G,K,) Korneliusgalerie/Bergkirche Kornelimünster</li>



<li>Prüm, EVBK, Jahresausstellung 2010, (G, K)</li>



<li>Landgericht Bonn, &#171;Freiheit&#187;</li>



<li>Ateliers Kasteel Holtmeulenstraat, Maastricht/ NL, Kunsttour 2010,</li>



<li>Grange aux DÃ®mes, Wissembourg/Frankreich,</li>



<li>Women`s Museum &amp; Art Centre, Batokunku/Gambia, (G)</li>



<li>Timmerfabriek, Maastricht/NL, Kunsttour 2009</li>



<li>Bandfabrik, Wuppertal, &#171;zeit.reise&#187;</li>



<li>Steinweg-Galerie, Stolberg , &#171;ueber.irdisch&#187;</li>



<li>Museum Spaans Gouvernement, Maastricht/NL, Kunsttour 2008</li>



<li>Europäische Rechtsakademie, Trier,</li>



<li>Galerie ART MAYENCE, Mainz</li>



<li>Korneliusgalerie, Aachen, &#171;Analogien&#187;</li>



<li>Museum Haus Martfeld, Stadt Schwelm, &#171;Fiat lux!&#187;</li>



<li>Kunstmesse Fine A.R.T.S. 2006, Kulturspeicher der Stadt Würzburg</li>



<li>Museum der Stadt Saarburg, &#171;sARTre &#8211; Philosophie in Farbe&#187;</li>



<li>Kunstmarkt Vaals NL</li>



<li>Galerie marijo, Volkach</li>



<li>Galerie beim Roten Turm, Sommerhausen/Würzburg</li>



<li>Aachener Kunstroute 2005, Bergkirche Kornelimünster (G)</li>



<li>Spielcasino Aachen, Pferdeskulptur &#171;RoulAIX&#187; WorldHorseParade</li>



<li>Galerie Kaschenbach, Trier</li>



<li>Trier, Kulturwerkstatt (G)</li>



<li>Jesuitenkirche Aachen, &#171;11. September&#187; (G)</li>



<li>Korneliusgalerie, Aachen, &#171;Artikulation&#187;</li>



<li>&#171;Kunst und Breinig&#187;, (G,K), Breinig</li>



<li>Galerie an der Therme, Roetgen, Panta rhei&#187;</li>



<li>Galerie Kohl, Aachen</li>



<li>Galerie Noack, Mönchengladbach</li>



<li>Korneliusgalerie, Aachen, &#171;Blick ins Licht&#187;</li>



<li>&#171;Mensch&#187;, Jahresausstellung Künstlerforum Schloss Zweibrüggen</li>
</ul>
</div>



<div class="wp-block-column is-layout-flow wp-block-column-is-layout-flow"></div>
</div>
</div>
</div>



<p></p>
