{"id":27,"date":"2025-11-23T05:50:48","date_gmt":"2025-11-23T04:50:48","guid":{"rendered":"https:\/\/dorothee-vermaaten.de\/?page_id=27"},"modified":"2025-11-23T13:46:09","modified_gmt":"2025-11-23T12:46:09","slug":"die-kuenstlerin","status":"publish","type":"page","link":"https:\/\/dorothee-vermaaten.de\/?page_id=27","title":{"rendered":"Die K\u00fcnstlerin"},"content":{"rendered":"\n<div class=\"wp-block-columns is-layout-flex wp-container-core-columns-is-layout-28f84493 wp-block-columns-is-layout-flex\">\n<div class=\"wp-block-column is-layout-flow wp-block-column-is-layout-flow\" style=\"flex-basis:20%\">\n<figure class=\"wp-block-image size-full\"><img loading=\"lazy\" decoding=\"async\" width=\"130\" height=\"236\" src=\"https:\/\/dorothee-vermaaten.de\/wp-content\/uploads\/2025\/11\/dorothee_vermaaten.jpg\" alt=\"\" class=\"wp-image-194\"\/><\/figure>\n<\/div>\n\n\n\n<div class=\"wp-block-column is-layout-flow wp-block-column-is-layout-flow\" style=\"flex-basis:80%\">\n<p>lebt und arbeitet in Stolberg\/Rheinland<\/p>\n\n\n\n<p>geboren in Kleve\/Niederrhein<\/p>\n\n\n\n<p>Kunststudium bei Prof. Krahl, Siegen und Prof. Wasserm\u00e9, Neuss<\/p>\n\n\n\n<p>Mitglied in<\/p>\n\n\n\n<p>[KUN:ST] INTERNATIONAL<\/p>\n\n\n\n<p>K\u00fcnstlerforum Zweibr\u00fcggen e. V.<\/p>\n<\/div>\n<\/div>\n","protected":false},"excerpt":{"rendered":"<p>lebt und arbeitet in Stolberg\/Rheinland geboren in Kleve\/Niederrhein Kunststudium bei Prof. Krahl, Siegen und Prof. Wasserm\u00e9, Neuss Mitglied in [KUN:ST] INTERNATIONAL K\u00fcnstlerforum Zweibr\u00fcggen e. V.<\/p>\n","protected":false},"author":1,"featured_media":0,"parent":0,"menu_order":0,"comment_status":"closed","ping_status":"closed","template":"wp-custom-template-my-template","meta":{"footnotes":""},"class_list":["post-27","page","type-page","status-publish","hentry"],"_links":{"self":[{"href":"https:\/\/dorothee-vermaaten.de\/index.php?rest_route=\/wp\/v2\/pages\/27","targetHints":{"allow":["GET"]}}],"collection":[{"href":"https:\/\/dorothee-vermaaten.de\/index.php?rest_route=\/wp\/v2\/pages"}],"about":[{"href":"https:\/\/dorothee-vermaaten.de\/index.php?rest_route=\/wp\/v2\/types\/page"}],"author":[{"embeddable":true,"href":"https:\/\/dorothee-vermaaten.de\/index.php?rest_route=\/wp\/v2\/users\/1"}],"replies":[{"embeddable":true,"href":"https:\/\/dorothee-vermaaten.de\/index.php?rest_route=%2Fwp%2Fv2%2Fcomments&post=27"}],"version-history":[{"count":4,"href":"https:\/\/dorothee-vermaaten.de\/index.php?rest_route=\/wp\/v2\/pages\/27\/revisions"}],"predecessor-version":[{"id":298,"href":"https:\/\/dorothee-vermaaten.de\/index.php?rest_route=\/wp\/v2\/pages\/27\/revisions\/298"}],"wp:attachment":[{"href":"https:\/\/dorothee-vermaaten.de\/index.php?rest_route=%2Fwp%2Fv2%2Fmedia&parent=27"}],"curies":[{"name":"wp","href":"https:\/\/api.w.org\/{rel}","templated":true}]}}

Die Künstlerin

<div class="wp-block-columns is-layout-flex wp-container-core-columns-is-layout-28f84493 wp-block-columns-is-layout-flex">
<div class="wp-block-column is-layout-flow wp-block-column-is-layout-flow" style="flex-basis:20%">
<figure class="wp-block-image size-full"><img loading="lazy" decoding="async" width="130" height="236" src="https://dorothee-vermaaten.de/wp-content/uploads/2025/11/dorothee_vermaaten.jpg" alt="" class="wp-image-194"/></figure>
</div>



<div class="wp-block-column is-layout-flow wp-block-column-is-layout-flow" style="flex-basis:80%">
<p>lebt und arbeitet in Stolberg/Rheinland</p>



<p>geboren in Kleve/Niederrhein</p>



<p>Kunststudium bei Prof. Krahl, Siegen und Prof. Wassermé, Neuss</p>



<p>Mitglied in</p>



<p>[KUN:ST] INTERNATIONAL</p>



<p>Künstlerforum Zweibrüggen e. V.</p>
</div>
</div>

<p>lebt und arbeitet in Stolberg/Rheinland geboren in Kleve/Niederrhein Kunststudium bei Prof. Krahl, Siegen und Prof. Wassermé, Neuss Mitglied in [KUN:ST] INTERNATIONAL Künstlerforum Zweibrüggen e. V.</p>
